{"id":404,"date":"2020-05-06T23:47:26","date_gmt":"2020-05-06T21:47:26","guid":{"rendered":"https:\/\/tv-schafbruecke.de\/?page_id=404"},"modified":"2025-05-06T19:05:34","modified_gmt":"2025-05-06T17:05:34","slug":"basketball-fuer-kids","status":"publish","type":"page","link":"https:\/\/www.tv-schafbruecke.de\/index.php\/basketball-fuer-kids\/","title":{"rendered":"Basketball"},"content":{"rendered":"\n<p>Jungen und M\u00e4dchen   ab 8 Jahren treffen sich zum Dribbling und Korblegen mit Ted Lehecka regelm\u00e4\u00dfig in der Sporthalle &#8218;Am Unteren Geisberg&#8216;. Freude und Spiel paaren sich hier mit Technik und Fitness.<\/p>\n\n\n\n<p class=\"has-accent-background-color has-background\">Termine entnehmen Sie bitte dem Trainingsplan.<\/p>\n\n\n\n<p><\/p>\n\n\n\n<p><\/p>\n\n\n\n<figure class=\"wp-block-image size-large\"><img loading=\"lazy\" decoding=\"async\" width=\"1024\" height=\"683\" src=\"https:\/\/www.tv-schafbruecke.de\/wp-content\/uploads\/2025\/05\/BasketBaelle-18-1024x683.jpg\" alt=\"\" class=\"wp-image-1585\" srcset=\"https:\/\/www.tv-schafbruecke.de\/wp-content\/uploads\/2025\/05\/BasketBaelle-18-1024x683.jpg 1024w, https:\/\/www.tv-schafbruecke.de\/wp-content\/uploads\/2025\/05\/BasketBaelle-18-300x200.jpg 300w, https:\/\/www.tv-schafbruecke.de\/wp-content\/uploads\/2025\/05\/BasketBaelle-18-768x512.jpg 768w, https:\/\/www.tv-schafbruecke.de\/wp-content\/uploads\/2025\/05\/BasketBaelle-18-1536x1024.jpg 1536w, https:\/\/www.tv-schafbruecke.de\/wp-content\/uploads\/2025\/05\/BasketBaelle-18-2048x1365.jpg 2048w, https:\/\/www.tv-schafbruecke.de\/wp-content\/uploads\/2025\/05\/BasketBaelle-18-1200x800.jpg 1200w, https:\/\/www.tv-schafbruecke.de\/wp-content\/uploads\/2025\/05\/BasketBaelle-18-1980x1320.jpg 1980w\" sizes=\"auto, (max-width: 1024px) 100vw, 1024px\" \/><\/figure>\n","protected":false},"excerpt":{"rendered":"<p>Jungen und M\u00e4dchen ab 8 Jahren treffen sich zum Dribbling und Korblegen mit Ted Lehecka regelm\u00e4\u00dfig in der Sporthalle &#8218;Am Unteren Geisberg&#8216;. Freude und Spiel paaren sich hier mit Technik und Fitness. Termine entnehmen Sie bitte dem Trainingsplan.<\/p>\n","protected":false},"author":1,"featured_media":0,"parent":0,"menu_order":0,"comment_status":"closed","ping_status":"closed","template":"templates\/template-full-width.php","meta":{"_uag_custom_page_level_css":"","footnotes":""},"class_list":["post-404","page","type-page","status-publish","hentry"],"uagb_featured_image_src":{"full":false,"thumbnail":false,"medium":false,"medium_large":false,"large":false,"1536x1536":false,"2048x2048":false,"post-thumbnail":false,"twentytwenty-fullscreen":false},"uagb_author_info":{"display_name":"tvadmin","author_link":"https:\/\/www.tv-schafbruecke.de\/index.php\/author\/tvadmin\/"},"uagb_comment_info":0,"uagb_excerpt":"Jungen und M\u00e4dchen ab 8 Jahren treffen sich zum Dribbling und Korblegen mit Ted Lehecka regelm\u00e4\u00dfig in der Sporthalle &#8218;Am Unteren Geisberg&#8216;. Freude und Spiel paaren sich hier mit Technik und Fitness. Termine entnehmen Sie bitte dem Trainingsplan.","_links":{"self":[{"href":"https:\/\/www.tv-schafbruecke.de\/index.php\/wp-json\/wp\/v2\/pages\/404","targetHints":{"allow":["GET"]}}],"collection":[{"href":"https:\/\/www.tv-schafbruecke.de\/index.php\/wp-json\/wp\/v2\/pages"}],"about":[{"href":"https:\/\/www.tv-schafbruecke.de\/index.php\/wp-json\/wp\/v2\/types\/page"}],"author":[{"embeddable":true,"href":"https:\/\/www.tv-schafbruecke.de\/index.php\/wp-json\/wp\/v2\/users\/1"}],"replies":[{"embeddable":true,"href":"https:\/\/www.tv-schafbruecke.de\/index.php\/wp-json\/wp\/v2\/comments?post=404"}],"version-history":[{"count":6,"href":"https:\/\/www.tv-schafbruecke.de\/index.php\/wp-json\/wp\/v2\/pages\/404\/revisions"}],"predecessor-version":[{"id":1587,"href":"https:\/\/www.tv-schafbruecke.de\/index.php\/wp-json\/wp\/v2\/pages\/404\/revisions\/1587"}],"wp:attachment":[{"href":"https:\/\/www.tv-schafbruecke.de\/index.php\/wp-json\/wp\/v2\/media?parent=404"}],"curies":[{"name":"wp","href":"https:\/\/api.w.org\/{rel}","templated":true}]}}